- k. What is c(z)?
9
Let n(d) = 15*d + 1. Suppose 158 - 8 = -75*j. Calculate n(j).
-29
Let l(v) = -2*v**2 + 0*v**2 + 5 + v**2 + 4*v. Suppose 14 = 3*y - a, -4*y - 141*a + 137*a + 8 = 0. Determine l(y).
5
Let w(f) = 23*f - 42. Let p(g) = -37*g + 64. Let c(n) = -5*p(n) - 8*w(n). Suppose b - 7 = 2*b. Give c(b).
9
Let y(q) = -4*q**2 + 14*q - 14. Let r be y(1). Let s(w) be the second derivative of -w**5/20 - w**4/4 + 2*w**3/3 + 3*w**2 + 8*w. Determine s(r).
6
Let u(r) = -13*r**3 - 5*r**2 - r - 5. Let q = -18 + 11. Let j = 5 + q. Let g(b) = 3*b**3 + b**2 + 1. Let t(s) = j*u(s) - 9*g(s). Determine t(2).
1
Let k(o) = 3*o**3 + 2*o**2 + 1. Let h(l) = 10*l**3 + 5*l**2 + 3. Let a(w) = 2*h(w) - 7*k(w). Give a(-3).
-10
Let o be (-4)/(-60)*3 - (-87)/15. Let r(a) = o - a + 26*a**2 - 51*a**2 + 26*a**2. What is r(0)?
6
Let s be 2/3 + (-8)/(-24). Suppose -g = -2 + s. Let o be g/(-4) - 63/(-12). Let j(n) = n**3 - 6*n**2 + 5*n + 4. Calculate j(o).
4
Let d(l) = -613 - 4*l + 304 + 306. Let q be (-27)/15 - 1/5. Let n = -1 + q. Calculate d(n).
9
Let d(o) be the first derivative of -3*o**4/4 - o**3/3 + o**2/2 + 2*o + 45. Determine d(-2).
20
Let v(a) = a**3 - 5*a**2 - 5*a + 2. Let c = -158 - -164. Give v(c).
8
Let o(b) = b**2 - b - 3. Let m(g) = -g**2 + 2. Let z(u) = -5*m(u) - 3*o(u). Suppose x - 1 + 4 = 0. Give z(x).
8
Let u(g) be the first derivative of -g**4/12 + g**3/2 + 5*g**2/2 + 8*g + 19. Let k(q) be the first derivative of u(q). Determine k(4).
1
Let x(h) = 2*h**3 + 7*h**2 + 5*h + 1. Let q be x(-2). Let m(t) = 9*t**3 - 2*t**2 - 11*t**q + 3*t + 0*t**3. Calculate m(2).
-18
Let i(v) be the third derivative of v**8/20160 - v**7/1260 - v**6/360 - 7*v**5/12 + 39*v**2. Let j(y) be the third derivative of i(y). Calculate j(5).
3
Suppose -12*p + 14*p = 4. Let k be (6/18)/(p/12). Let w(h) = -5*h. What is w(k)?
-10
Let n(f) = -4*f + 3. Suppose -19 = -36*a + 17. Determine n(a).
-1
Let r(s) = 5*s**3 + 10*s**2 - 4*s + 8. Let p(y) = 2*y**3 + y**2 - 2*y + 2. Let c(g) = 2*p(g) - r(g). What is c(-8)?
-4
Let y(x) = -x**2 + 5*x + 3. Suppose 2*o = 5*k - 20, -6*o + 12 = 3*k - 5*o. Let j be (-60)/(-6) - 1*k. Let g be y(j). Let t(d) = 4*d + 1. Determine t(g).
-11
Let c(a) be the first derivative of a**4/4 - 5*a**3/3 - 3*a**2/2 - 3*a + 5. Let k(b) = -b**2 - 11*b - 12. Let r be k(-9). Calculate c(r).
15
Let h(y) be the third derivative of -y**6/120 + y**5/12 - y**4/4 + y**3/3 - y**2 - 104. What is h(4)?
-6
Let l(s) = s - 3*s + s. Let n be (-4)/(-18) + 392/(-63). Let o(h) = -h**3 - 5*h**2 + 4*h - 8. Let q be o(n). Give l(q).
-4
Let v(d) = 182 + d**2 + 5*d**2 - d**3 - 189 + 2*d. Let b be (-3)/6 - (-13)/2. What is v(b)?
5
Suppose -3 = -f + 3*c, -625*c + 630*c = -3*f + 23. Let k(l) = l**2 + 8*l + 7. Let x be k(-7). Let t(s) = -3 + x*s**2 - 3 - 7*s**2 + 8*s + s**3. Give t(f).
6
Suppose 8*c - 7*c + 8 = -2*u, 4*c = -4*u - 20. Let t(z) = 3*z**2 + 4*z + 2. Determine t(u).
17
Let n = -526 - -521. Let v(z) = z**3 + 3*z**2 - 3*z - 1. Determine v(n).
-36
Let j(d) = 2 + 0*d - 24*d**2 + d**3 + 4*d + 31*d**2. Calculate j(-3).
26
Let x(t) = 28 + 17*t + 1 + 7*t**2 - 19. Let a(z) = 3*z**2 + 8*z + 5. Suppose 0 = 2*h + h + 15. Let i(j) = h*a(j) + 2*x(j). Calculate i(-4).
3
Let z(n) = -n**3 - 4*n**2 + 2*n + 4. Suppose 2*u + 5*o - 21 = -4, 4*o = -2*u + 12. Determine z(u).
-4
Let x = -327 + 331. Let m(p) be the third derivative of 0 + p**2 + 1/6*p**x - 1/3*p**3 + 0*p. Calculate m(-2).
-10
Let s(v) be the first derivative of -v - 1. Let t(f) = f + 1. Let d(g) = 6*g - 25. Let n be d(4). Let a(y) = n*t(y) - 2*s(y). What is a(4)?
-3
Let f(i) = -4*i**3 + 2*i**2 - 39. Let b(u) = -u**3 + u + 1. Let x(l) = 3*b(l) - f(l). Let h(z) be the first derivative of x(z). Calculate h(2).
7
Let l(t) be the second derivative of 7*t**5/10 - t**4/4 - 2*t**3/3 - t**2 + 2*t - 175. What is l(-1)?
-15
Let o(n) = 2022 - 29*n**3 - 2023 - 10*n**3 + n. Calculate o(1).
-39
Let o(p) = p**3 - 6*p**2 + 6*p - 3. Let k be o(5). Let n(r) = 9*r**k - 5*r - 3*r - 7*r**2 + 7. Calculate n(5).
17
Let n(l) = -3*l**2 - 3*l - 1. Suppose -2*s - 2 = -3*s - 2*d, 5*s - 2*d + 14 = 0. Calculate n(s).
-7
Let k(o) = o**2 + 7*o + 4. Let r be k(-5). Suppose -4*f - 9 = 3, -4*h - 2*f + 2 = 0. Let b(j) = -6 + 6*j**2 + 4*j - 3*j + 2*j**3 - j**3 - h*j. Determine b(r).
0
Suppose -100*r - 55 = -45*r. Let g(w) = 2*w - 4*w + 3*w + 1. What is g(r)?
0
Let j(y) = y - 2. Suppose -t = -0*t - g - 14, 2*t - g - 28 = 0. Let r be j(t). Let o(v) = 4*v + v**2 + 10*v - r*v - 4. Determine o(-4).
4
Let n(q) be the third derivative of -q**4/24 - q**3/3 + q**2. Let t(z) = -43*z**2 - 58 + 20*z + 86*z**2 - 44*z**2. Let j be t(17). Give n(j).
5
Suppose 0 = -4*k + 4*z + 9 + 35, 5*z = -2*k + 1. Let q = k + -5. Let t(o) = 0*o - o + q + 0 - 2. Give t(-2).
3
Let b(g) = -g**2 + 11*g - 43. Suppose 12*x + 91 = 163. Calculate b(x).
-13
Let w(t) = -16*t - 2. Let f(h) = -3*h. Let o(n) = 5*f(n) - w(n). Suppose -3*k = -22 + 4. Suppose -4*b = k + 2. Determine o(b).
0
Let u(v) = -5*v**2 - 8*v - 10 + 5*v - v + 2*v**2 - v. Determine u(-4).
-38
Let a be ((-9)/6)/((-6)/(-8)). Let f = a + -4. Let h = f + 12. Let k(t) = -t**3 + 5*t**2 + 6*t + 8. Calculate k(h).
8
Let z(v) = -2 + 21*v**3 - 8*v + 2 + 7*v - 3*v**2. Let c(d) = -d**3 + d**2. Let a(j) = -j**2 + 26. Let s be a(5). Let l(i) = s*z(i) + 5*c(i). Calculate l(1).
17
Let a be (-6)/(-24) - 14/(-8). Let n(c) be the second derivative of 1/2*c**a + 0 - 2/3*c**3 - 6*c. Calculate n(3).
-11
Let h(i) = -2*i**2 - 27*i - 13. Let u be h(-13). Let x(w) = -w**3 - w**2 + w + 9. Give x(u).
9
Let o = 43/51 - 3/17. Let a(q) be the first derivative of -3 - 3*q - 3/2*q**2 + o*q**3. What is a(3)?
6
Let c(i) be the first derivative of i**4/4 + 8*i**3/3 + 8*i**2 + 15*i - 400. Give c(-6).
-9
Let x(a) = a**3 - 3*a**3 - 5*a + a**2 - 6*a**2 - 4. Suppose 45*j + 18 = 39*j. Calculate x(j).
20
Let o(u) = 10*u + 2. Let y be 1*(-2)/1 + 0 + 1. Let i be o(y). Let l(k) = -k**3 - 8*k**2 - k + 1. Calculate l(i).
9
Suppose 4*h + 0 = -4*i - 8, -i - 4*h - 17 = 0. Let u(y) = -3*y + 15. Let a(k) = -4*k + 16. Let z(b) = i*u(b) - 2*a(b). Suppose 2*p = 4*p - 16. Calculate z(p).
5
Let w = 7 - 4. Suppose 5*y + w = -22. Let d(x) = 5*x - 2. Let f(m) = -m + 1. Let g(t) = -d(t) - 4*f(t). Give g(y).
3
Let q(u) = 12*u + 1. Let t(h) = -12*h - 59. Let v be t(-5). Determine q(v).
13
Let g(k) = 2. Let y(i) = 3*i + 5. Let r(o) = 3*g(o) - y(o). Suppose 0 = -5*l - 2*f + 1, 7 = -3*l + f + 1. What is r(l)?
4
Let z(l) = l**3 - 5*l**2 - 6*l - 3. Suppose 2*o - 5*o = 0. Suppose o = -4*v + 3*v + 6. Determine z(v).
-3
Let n be (-1)/(3/(-6)*1). Let i be -24*((-7)/3 + n). Let z(l) be the first derivative of -l**2/2 + l - 2. What is z(i)?
-7
Let u(s) = 165*s + 5. Let g(f) = 24*f + 1. Let r(d) = 20*g(d) - 3*u(d). Give r(1).
-10
Let z be 4/(-6*12/(-90)). Let g(h) = 2*h - 1 + 241*h**2 - 240*h**2 - 7*h. Determine g(z).
-1
Let m(u) = -5*u**2 - 8*u - 2. Let g(y) = -3*y**2 - 8*y - 3. Let p(d) = -3*g(d) + 2*m(d). Calculate p(9).
-4
Let v = -5 - -5. Suppose v*a + a = 0. Let n(x) be the third derivative of x**4/24 - 7*x**3/6 - 15*x**2. Give n(a).
-7
Let b(n) = n**2 + 5*n + 1. Let w = 12 - 7. Suppose 0 = -3*c - w*q, -3 + 20 = -4*c - q. What is b(c)?
1
Let y(w) = -w. Let m be y(-4). Let r(q) = -3*q - 3 + 0 + q**2 + q + m. Suppose 0 = -2*g + 2*p + 3*p + 21, 4*p + 26 = -3*g. Give r(g).
9
Suppose -2*o + 26*j = 27*j - 7, 3*o = 5*j + 30. Let x(t) be the first derivative of -t**3/3 + 5*t**2/2 - 5*t + 1. What is x(o)?
-5
Let k be (-23)/6 - (-174)/116*1/(-9). Let u(s) = s**2 - 4*s + 9. Let v(o) = 2*o**2 - 7*o + 17. Let a(x) = 7*u(x) - 4*v(x). What is a(k)?
-21
Let h(c) be the second derivative of -c**5/60 - c**4/12 - 7*c**3/6 - 4*c. Let a(j) be the second derivative of h(j). Let o = 29 - 34. Calculate a(o).
8
Let x = -163 + -37. Let y be 2/(-3) + x/(-30). Let r be 16/y - (-4)/3. Let t(l) = 2*l - 4. Determine t(r).
4
Let v be 3 - 1*0/(-2). Suppose 2*f + 3 = v*f. Let g(j) be the first derivative of j**2/2 - 3*j - 7. Determine g(f).
0
Let v be -1 - 1 - (-17 - -12). Suppose -3*r = v*b + 12, r + 16 = 4*b - 3. Let x(s) = s**3 + 6*s**2 - 5*s + 8. What is x(r)?
-6
Let p(y) = y**2 + 6*y + 3. Let v be ((-1)/(-3))/((-5)/165). Let u be ((-3)/(-2))/((v/4)/11). Calculate p(u).
3
Let c(v) = v**2 - v + 5*v**3 - 2*v**3 - 2*v**3 - 1. Let d(r) = r**3 + 3*r**2 - 4*r